s.
2, 3
Suppose -4*g = -4, 6*f = 3*f + 3*g + 12. Let b be 3*6/(-9) - -11. Let a = b + f. List the prime factors of a.
2, 7
Let t be -456*(2 - 24/9). Suppose -3*g = 15, -5*g + 59 = -5*d + t. What are the prime factors of d?
2, 11
Let f be (3*-1)/((-6)/14). What are the prime factors of (f/2)/(4/8)?
7
Suppose 0 = 3*o - 6, -t + 7 + 25 = -5*o. Suppose -t = -2*d - 0*d. What are the prime factors of d?
3, 7
Let m(g) = g**3 - 4*g**2 - 2*g - 8. Let b be m(5). Let l = 17 - b. List the prime factors of l.
2, 5
Suppose -2*c = 5*y - 23, -4*c + 2*y = 3*y - 55. Let n be (-4)/((-12)/(-9)) + 0. Let b = n + c. What are the prime factors of b?
11
Let h = 2 + 24. List the prime factors of h.
2, 13
Let c(n) = n**2 + 2*n + 8. What are the prime factors of c(-8)?
2, 7
Suppose -2*p + 3*p - 26 = 0. List the prime factors of p.
2, 13
Let l be 1 - 0 - (0 + -1). Let u = l + -3. Let s = u + 7. List the prime factors of s.
2, 3
Suppose 10 + 18 = 2*n - 4*c, 5*n + 3*c = 70. List the prime factors of n.
2, 7
Let i = -57 - -101. List the prime factors of i.
2, 11
Suppose -2*s + 2*l + 2 = 0, 0 = -4*s - l - 4*l + 31. Suppose 2*a = -0 + s. Suppose 0 = i - 3*u + 4*u - 1, u + a = 0. What are the prime factors of i?
3
Let z(b) = -b**2 + b + 2. Let t be z(-2). Let u(y) = 6*y + 5. Let a be u(t). Let s = -7 - a. List the prime factors of s.
2, 3
Let m be (-6)/(-9)*6/2. Suppose -16 - m = -2*n. List the prime factors of n.
3
Let z = -60 + 95. What are the prime factors of 2/(-5) - (-294)/z?
2
Let u = 8 + 65. What are the prime factors of u?
73
Let i(x) = -2*x**3 - 2*x**2 - x + 2. Let d = 10 - 3. Suppose 5*z - 5*f = 15, -3*f = z - 2*f + d. List the prime factors of i(z).
2, 3
Let j = -6 + 16. Let k = 12 - 6. Let r = j - k. What are the prime factors of r?
2
List the prime factors of ((-8)/5)/((-1)/15).
2, 3
Suppose -3*l - 2*l + 25 = 0. Suppose 0 = l*v - 4*v - 18. What are the prime factors of v?
2, 3
What are the prime factors of 3 + -1 + (-215)/(-5)?
3, 5
Suppose -5*s = 5, 6 = 2*j + j + 3*s. Suppose 2*r + 2*r + j*d - 37 = 0, -5*d - 15 = -r. What are the prime factors of r?
2, 5
Suppose 0 = -g - 0*g - 2. Let w = g + 5. What are the prime factors of w?
3
Let u be -31 - (-4 - -4)/(-3). Suppose -34 = 2*a - 4*i, 0 = -2*a - 3*i - 20 - 28. Let r = a - u. List the prime factors of r.
2, 5
Let a = -39 - -66. List the prime factors of a.
3
Let q = 234 + -132. What are the prime factors of q?
2, 3, 17
Let b be 6/(-39) + 82/26. Suppose -5*i + 70 = 4*h + h, -b*i = -3*h - 54. What are the prime factors of i?
2
Let k = -11 - -16. Suppose y - k*i - 28 + 5 = 0, -48 = -4*y - 2*i. What are the prime factors of y?
13
Let c be 2*(-5)/2 + -3. Let f(b) = b**2 + 6*b + 7. List the prime factors of f(c).
23
Suppose -5*d - 10 = h, 0*h = 5*h + 4*d + 92. Let n = h - -34. List the prime factors of n.
2, 7
Suppose -5*l + g - 4*g = -243, -4*l + 5*g = -187. Suppose -3*v + l = -66. What are the prime factors of v?
2, 19
Let x(n) = n**2 + 2*n - 3. Suppose f - 4*i = -1, -2*f - 6 = -2*i - 2*i. List the prime factors of x(f).
2, 3
Let g be 7*6/((-3)/3). Let y be (-4)/6*g/4. Suppose -85 = 2*b - y*b - s, 5*b = 4*s + 110. What are the prime factors of b?
2, 3
Let f be ((-12)/7)/(6/(-21)). Suppose 2*r - 28 = f*r. Let s(q) = -2*q + 3. List the prime factors of s(r).
17
Let m = -37 + 127. What are the prime factors of m?
2, 3, 5
Let u(d) = -14*d - 2. List the prime factors of u(-6).
2, 41
Let u(x) = x**3 - 8*x**2 - 26*x + 8. What are the prime factors of u(11)?
5, 17
Let a be -2*(3*2)/(-3). Suppose -h + 4*w = -2 - 2, -4*h = -a*w - 28. List the prime factors of ((-21)/12)/((-2)/h).
7
Let z(k) = -k**3 + 13. What are the prime factors of z(0)?
13
Suppose -2*a = -5*o - 60, 5*a - o - 147 = -43. Let w be (8/(-10))/((-8)/a). Suppose -3*v + 1 = -2, 0 = w*q + 5*v - 27. What are the prime factors of q?
11
Let a(q) = q**2 - q + 294. What are the prime factors of a(0)?
2, 3, 7
Let a(f) = -f**2 - 5*f + 3. Let x be a(-5). Suppose 0 = -x*y - 3*s + 76 - 4, -y - 4*s = -36. What are the prime factors of y?
2, 5
Suppose 0 = -2*d - 3*d + 10, -2*d = -2*g + 16. Let b = -131 - -223. What are the prime factors of g/15 - b/(-6)?
2
Let f(p) = -p**3 + 13*p**2 - p + 16. Let k be f(13). What are the prime factors of (-2 - (-80)/6)*k?
2, 17
Let o = 79 - -55. What are the prime factors of o?
2, 67
Suppose -4*b + 123 + 17 = 0. What are the prime factors of b?
5, 7
Let a = 6 + -13. Let q = a - 0. What are the prime factors of 1 - (q + -2 + 2)?
2
Let b(t) = t**3 + 7*t**2 + 2. Let a be b(-7). Suppose 0*r - 7 = -4*r + 5*l, a*r = -3*l + 9. List the prime factors of r.
3
Suppose 0*i + 200 = 4*i + 4*k, 3*i - 2*k = 140. What are the prime factors of i?
2, 3
List the prime factors of (-222)/(-24)*2*2.
37
Let a = -7 + 7. List the prime factors of a + 2 + 11 + 0.
13
Let h(a) = a**3 - 6*a**2 + 6*a + 4. Let y be h(6). Suppose k - 17 = 2*p - 5*p, 3*k - y = 2*p. Let l = -4 + k. List the prime factors of l.
2, 5
Suppose -l - 2*l + 4*m = 14, -2*m = -5*l. Suppose 2*t = -l*t + 8. Let c = t + 7. What are the prime factors of c?
3
Suppose -l + 3 = 8, d = -5*l - 11. Let t(c) = c**3 - 5*c**2 - 3*c - 4. Let v be t(6). What are the prime factors of (-4)/d - (-60)/v?
2
Suppose 0 = -5*a + 19 + 1, 25 = -3*z + 4*a. What are the prime factors of -3*(2*-7 + z)?
3, 17
Let d(q) = -5 + 4 + 18*q**2 + 2. What are the prime factors of d(-1)?
19
Let l be 7 - 12 - (-6)/2. List the prime factors of l/9 + 148/18.
2
Let w = 1 + -4. What are the prime factors of 24/2 - (2 + w)?
13
Let d(h) = -5*h. Let c(a) = -10*a. Let n(v) = -3*c(v) + 5*d(v). List the prime factors of n(4).
2, 5
Let t be 10/5 - (0 - 0). Let z(s) = -2*s**2 + 3*s - 3. Let y be z(t). Let w = -1 - y. What are the prime factors of w?
2
Let z(g) = -g**2 + 2*g. Let p be z(3). Let s(k) = 2*k**2 - 5*k + 0*k - 3*k**2 - 2. List the prime factors of s(p).
2
Let p(d) = 3*d**2 - 36*d - 16. What are the prime factors of p(13)?
23
Let b be (-5 - -13)/(4/50). Suppose -5*n + b = -0*n. List the prime factors of n.
2, 5
Suppose b - 2*b = 2. List the prime factors of (3/b)/((-33)/506).
23
Suppose 3*w = 2*w + 2. Suppose -2*q + 36 = w*q. What are the prime factors of (-36)/(-10) + q/(-15)?
3
Let y(j) = 2*j**3 + j**2 + 2*j + 1. Let b be y(-1). Let z be 2 - (b - 0 - 1). Suppose z*p - 35 = 3*i, p - 28 = -3*p - 2*i. What are the prime factors of p?
7
Let i(o) = o**2 - 4*o + 2. Let k(d) = -d**2 - d - 1. Let z(c) = i(c) - k(c). Suppose -2*t + 1 + 3 = 0. List the prime factors of z(t).
5
Suppose m = 3*m. Suppose m = -5*i + 4 + 66. List the prime factors of i.
2, 7
Let f = -29 - -13. Let u = 22 + f. Suppose 3*m + 0 = u. List the prime factors of m.
2
Suppose 0 = 4*k - 2 - 2, -4*i - 2*k + 402 = 0. List the prime factors of i.
2, 5
Let d = -158 + 104. List the prime factors of d/(-4) + (-12)/8.
2, 3
Let m be (-2)/(4*-1)*16. Let p = 23 + m. What are the prime factors of p?
31
Suppose 6*w = 125 + 31. List the prime factors of w.
2, 13
Let n be (-1)/(-1 + -1)*12. Suppose -3*m - n = 0, 0*p - 28 = 2*p + 4*m. Let i = p + 18. What are the prime factors of i?
2
Suppose -2*c + 4*c - 6 = 0. Let d = c - 1. Suppose -d*n + 11 = -n. List the prime factors of n.
11
Let f = 16 + 13. List the prime factors of f.
29
Suppose 3*g - 928 = -n, -3*g + 5*n + 1212 = g. List the prime factors of g.
2, 7, 11
Let v be (2 - 2)/(-1 - 0). Suppose v = 4*r + 2*g - 4*g - 32, -24 = -3*r - g. Let h = 15 - r. List the prime factors of h.
7
Suppose -2*f - 5*w - 7 + 49 = 0, 0 = 4*f - 5*w - 54. List the prime factors of f.
2
Let o(z) = -z**2 + 23*z + 11. List the prime factors of o(19).
3, 29
Let a(g) = g + 12. Let z be a(0). Suppose -4*b = -7*b + z. List the prime factors of b.
2
Suppose -b - 4 = -2*d + 4, -5*b = -5*d + 25. Let k = b + 5. What are the prime factors of k?
3
Let j(q) = -3*q - 4. Let g(c) = 12*c + 15. Let k(a) = -4*g(a) - 15*j(a). List the prime factors of k(-2).
2, 3
What are the prime factors of (-1717)/(-5) - ((-36)/(-30))/3?
7
Suppose 0*b = 3*b - 144. Suppose 5*m + 2*n + 44 = 0, 5*m + 4*n + b = -0*n. Let z = -3 - m. List the prime factors of z.
5
Suppose -j + 0*j = -3. Suppose 4*t - 16 = -4*v, -v + 6 = -2*t - 1. Let g = j + t. What are the prime factors of g?
2
Suppose -2*k + 4 = d, -2*k = -2*d + 2 - 6. Suppose k*b + 92 = -2*b. Let i = -13 - b. List the prime factors of i.
2, 5
Suppo